. What is y(-8)?
-1
Let k(s) = 5*s + 1. Let c(o) = 0*o + 113 + 2*o - 108. Let p be c(-2). Give k(p).
6
Let c = 29 - 26. Let q(x) = -9 + 13 + 6*x - c. Suppose 0*r + 3*p - 10 = 2*r, 5*p = 20. Calculate q(r).
7
Let u = 60 + -58. Let b(o) = -o**u + 7*o - 3*o + 2*o**2 + o. What is b(-5)?
0
Suppose 45 = 380*u - 375*u. Let s(p) = 2*p - 15. Determine s(u).
3
Let r(d) be the first derivative of -d**7/840 - d**6/45 - 7*d**5/120 - d**4/12 - 5*d**3 - 17. Let v(n) be the third derivative of r(n). What is v(-7)?
-2
Let w(z) = -5*z**2 - z + 1. Let s(c) = c**3 - c**2 - 1. Let p(d) = s(d) - w(d). Let x be 3*3/1 + -1. Let v(a) = a**2 - 7*a - 11. Let l be v(x). Calculate p(l).
4
Suppose 0 = 67*u - 46*u + 210. Let s(k) = k + 16. Give s(u).
6
Let q(i) = -i + 29. Suppose -5*x - 4*c + 65 = -5*c, 5*c = 4*x - 52. What is q(x)?
16
Suppose 0 = -8*b + 6*b - 5*h - 8, 3*b = 2*h + 26. Let o(f) be the first derivative of 5/3*f**3 + 5 - 3/2*f**2 + b*f + 1/4*f**4. What is o(-6)?
-12
Suppose -3*w + 4*w - 4 = 0. Suppose 0*x - 17 = -4*j + 3*x, 20 = w*j - 4*x. Let v(y) = y**3 + 7*y + 2*y**2 + 4 + 5*y**2 - 3*y**2 + y**j. Calculate v(-4).
-8
Suppose -u + 0*u = -6. Let o(r) = -22*r - 184. Let x(y) = 4*y + 35. Let l(t) = 3*o(t) + 16*x(t). Give l(u).
-4
Let y(s) = -s + 5. Suppose -29 + 2 = 4*x - 3*o, 2*x - 14 = -4*o. Let a be ((-2)/x)/((-8)/(-24)). Suppose -4*i = -a*i. What is y(i)?
5
Let g(w) = -3*w**2 - 3*w - 9. Let l(b) = b**2 - b + 1. Let h(d) = g(d) + 4*l(d). Determine h(7).
-5
Let z = 13 - 11. Let x(t) = 2 - z + t + 2. Suppose -5*w - 10 = 15. What is x(w)?
-3
Suppose -5*u + 4 = 2*w, -83 = 3*u + 3*w - 80. Let t(n) be the first derivative of -n**4/2 + n**3/3 - 2*n + 1. Calculate t(u).
-14
Let v(l) = l**3 - 2*l**2 - 2*l + 2. Let f = -166 + 114. Let d = -25 - f. Let x = d + -25. Calculate v(x).
-2
Suppose 0 = -c + z + 4*z - 17, 0 = c + 5*z - 23. Let q(u) = -6*u**2 - 2 + 0*u**3 - 7 - u**3 - 6*u + 2*u**c. Let x = -10 + 17. Calculate q(x).
-2
Suppose 71*p = 64 + 78. Let r(f) = 5*f. Calculate r(p).
10
Suppose -1 = -3*y + 8. Suppose -2*p = 5*q + 15, -3*p = -q - p - y. Let g(x) be the second derivative of x**3/3 + 2*x**2 - x. What is g(q)?
-2
Let p be (-1 - -3)/(19 + -18). Let m(f) = 0*f**p + 93 - 3*f + f**2 - 102 - 5*f. What is m(8)?
-9
Let h(r) = 24*r**2 + 7*r**2 + 3 + 8*r**2 - 40*r**2 - 9*r. What is h(-11)?
-19
Let u(j) = 77*j**2 + 14*j - 5 - 3 - 78*j**2 - 5 - 3*j. Let l(m) = m + 5. Let f be l(5). Give u(f).
-3
Let b(d) = d**3 - 3*d**2 - 2*d - 1. Suppose 0 = -3*y - 24 + 33. Suppose y*h - h = 3*u, -u = -3*h + 7. Calculate b(u).
-9
Let k(p) = p**2 + 3*p - 1. Let d be k(-3). Let l(c) be the third derivative of -c**6/120 - c**5/60 + c**4/24 + 7*c**2. What is l(d)?
-1
Let j(v) = 3*v**2 + 1. Let h be (1 - (5 - 1))*36/(-54). Determine j(h).
13
Let t(f) be the first derivative of f**2/2 - 8*f + 819. Determine t(9).
1
Let w(s) be the second derivative of s**5/20 - s**4/6 - s**3/3 + 3*s**2/2 - 2*s. Let b be 6 - 2*5/10 - 3. What is w(b)?
-1
Let h(x) = -x**2 + x + 2. Let o = 104 + -92. Suppose 0*t - 12 = 2*j - 4*t, -5*j - 4*t = -o. Give h(j).
2
Let w(x) = -x - 1. Let k = 41 - 39. Suppose 2*c = -k + 14. What is w(c)?
-7
Suppose -2*i + 4*a - 32 = 0, 31*a = i + 36*a - 12. Let y(f) = -f**2 - 6*f + 4. Calculate y(i).
-12
Let y(w) be the first derivative of w**2 - 6*w - 114. Calculate y(5).
4
Let d(h) be the first derivative of -1/3*h**3 + 8 + 3/2*h**2 - h - 1/2*h**4. What is d(2)?
-15
Let x(j) = -15*j**3 - 1. Let p = 4 - 2. Let u be -1 - 0/(4*(-5)/(-10)). Let g be ((-3)/(-6))/(u/p). Determine x(g).
14
Let c(a) = a**2 - 17*a - 11. Let h(m) = 6*m**2 - 4*m + 1. Let f be h(2). Calculate c(f).
-11
Suppose 0*t + 210 = -35*t. Let p(y) = -y**2 + y + 5. What is p(t)?
-37
Let r(n) = -7*n + n - 1 + n. Let x(b) = -b**3 - 6*b**2 - b. Let d be x(-5). Let t = d - -21. What is r(t)?
-6
Suppose 0 = -3*l + 15 + 27. Suppose 0 = -6*c + c - 20. Let d be l/c*(-8)/14. Let g(b) = 2*b**2 - 3*b + 3. Give g(d).
5
Let w(f) = f**3 + 8*f**2 + 9*f + 17. Let l be w(-7). Suppose g + l = 2*g. Let o(u) = u - u**2 + 4*u + 4*u + 4 - g*u. Determine o(5).
9
Let c(n) be the first derivative of -n**3/3 + 4*n - 56. Calculate c(4).
-12
Let h = -75 + 76. Let k be -1 + h/(-2 - -3). Let b(i) = -i - 10. What is b(k)?
-10
Let d(v) = 3*v**2 - 3*v + 1. Let a(p) = -p**3 - 6*p**2 + 6*p - 1. Let g(l) = -l**3 - 6*l**2 + l + 4. Let q be g(-6). Let h(j) = q*a(j) - 5*d(j). Calculate h(2).
7
Let j(u) = -u**3 - 4*u**2 - 4*u - 8. Let x be j(-4). Suppose 5*z - z + 5*b = -x, 4*z - 2*b + 36 = 0. Let d(p) = -p. Give d(z).
7
Let d(n) be the second derivative of -n**6/360 - n**5/20 - n**4/4 + 3*n**3 + 17*n. Let v(b) be the second derivative of d(b). What is v(-4)?
2
Let u = -269 - -273. Let l(j) be the second derivative of j**3/6 + 2*j**2 + 4*j. Give l(u).
8
Suppose -2*m = -7*m - 3*p + 2, p = 5*m - 6. Let a be -1*m*(-4 - -2). Let u(r) be the second derivative of r**4/12 - r**3/2 + 3*r**2/2 + 2*r. Give u(a).
1
Suppose -5*d - 11 = 3*y, -3*d + 8*d - 38 = 4*y. Let i be (-12)/(-7) + (-2)/y. Let c(s) = s - i*s + 4 - s - 6 + s**2. Determine c(4).
6
Let w(a) = -a**3 + 30*a**2 - 2*a + 64. Let c be w(30). Let b(v) = v**2 + 1. Let z(l) = -l**3 + 2*l - 8. Let h(y) = 4*b(y) + z(y). What is h(c)?
4
Let o(b) = 6*b**2 + 0*b**2 + b**3 + b - b**2 - 7*b. Suppose 0 = -5*g + 4*i - 10, -3*i + 40 = 55. Give o(g).
0
Suppose -4*i = 2*r - 4, -3*i + 2*r + 7 = -3. Let a be ((-1)/1 - i)*-2. Let w be (-12)/8 - 9/a. Let m(t) = -t**3 - 3*t**2 - 2*t + 3. What is m(w)?
9
Let q(f) = 2*f**2 + 4*f - 20. Let j be q(3). Let h = j + -7. Let g(z) = z**2 - 4*z + 2. What is g(h)?
-1
Let x = -16 - -10. Let g(w) be the second derivative of 0 - 1/6*w**3 + 3*w**2 + 1/2*w**4 + 1/20*w**5 + 22*w. Calculate g(x).
12
Let v(z) = -z**2 - 7*z. Let h be (2/6)/(1/(-21)). Let a be v(h). Let u(p) be the third derivative of -p**5/60 + p**3/6 + 19*p**2. Calculate u(a).
1
Let p(q) = -2*q**2 + 14*q - 1. Let k(g) = g**2 + 39*g - 75. Let y be k(2). What is p(y)?
-1
Let h(b) = 3*b**3 + 5 - 2*b - 2*b**3 - 6. Let i be -3*(-6)/9 + 11 + -5. Suppose 0 = 22*v - 18*v - i. Give h(v).
3
Suppose -129*f + 133*f = 32. Let a(w) = w**3 - 9*w**2 - w - 2. Give a(f).
-74
Let l(x) = 78*x + 713. Let s be l(-9). Let y(h) = -4*h + 48. Determine y(s).
4
Let h(y) = 3*y**3 + 3*y**2 + y - 2. Let w(r) = 2*r**2 + 9*r - 29. Let u be w(-7). Let p(n) = 2*n**2 - 7*n - 32. Let j be p(u). Determine h(j).
-16
Let n(d) = -d**2 - 6*d - 8. Let x be n(-6). Let q(c) = 3*c - 10. Calculate q(x).
-34
Let o(f) = -f + 5. Let n be (1 - 1) + (-5 - -7). Let l(x) = 5*x**3 + 3 + 2*x**n - 4*x**2 + 2*x - 4 + x**2. Let t be l(1). What is o(t)?
0
Let a(x) = 8*x**2 + 6*x**2 + x**3 + 0*x**2 + 1 - 19*x**2 - 8*x. What is a(6)?
-11
Let b(j) be the third derivative of j**5/60 - j**4/24 + 5*j**2. Let u be b(2). Let i(v) = -u*v - 24 + v**2 + v + 24. Calculate i(2).
2
Let w(x) = 3*x - 6. Let y(b) be the first derivative of b**2/2 - 2*b - 14. Let n(f) = 3*w(f) - 8*y(f). Determine n(-5).
-7
Let g be -4 + 1 - (-4 - 1). Let o(s) = -4 - 8*s**g + 5*s + 4*s**2 + 3*s**2. Give o(3).
2
Suppose -18*t - 39 = -57. Let i(n) = -4*n**2 + 2*n - 1. Calculate i(t).
-3
Suppose 2*u = -3*l + 25, 9*u = 8*u + l. Let s(h) = h**2 - 6*h + 8. What is s(u)?
3
Let r(i) be the first derivative of -2*i**2 - 12*i + 148. Calculate r(-3).
0
Let y = 1 - -1. Let k(t) = -t**2 + t**3 + 4 - y*t**2 + 0 - 5*t. Let a(x) = -46*x + 96. Let h be a(2). What is k(h)?
0
Let h(i) = -13*i**2 - 2*i + 1. Let q(u) = 2*u - 3. Let p be q(6). Let r be p/27 - 16/(-6). Let k be (0 - (-3 + r)) + 1. Give h(k).
-14
Let t(i) = 34*i**2 - 22*i**2 + 9*i + 3 - 14*i - i**3 - 5 - 17*i**2. Determine t(-3).
-5
Suppose 0 = 2*b + 6*l - l - 41, 5*b + 3*l - 55 = 0. Let p(m) = 28*m**3 + 0*m - 29*m**3 - m - 3 + b*m**2 - 3*m**2. Calculate p(5).
-8
Let a(i) = 2*i**3 + i**2 - 35*i - 5. Let p(o) = 3*o**3 + o**2 - 47*o - 7. Let l(q) = -4*a(q) + 3*p(q). Let f(s) = s + 2. Let m be f(-4). Determine l(m).
-11
Let m(b) = b**3 - 9*b**2 - b + 10. Let u = -11 - -3. Let r = 12 + u. Let g(s) = s**2 - 1. Let q(t) = r*g(t) + m(t). Give q(5).
1
Let g(b) = -3 - b**3 + 1 - 2*b + b. Let d be -3 - (-4 + 2) - 0/(-2). Let m be 7/(-63) - d/9. What is g(m)?
-2
Let i(g) = g**3 - 2*g - 1. Let y(n) = -6*n**3 - 4*n**2 + 12*n + 12. Let h(z) = 5*i(z) + y(z). What is h(-4)?
-1
Let n be (-4)/((-16